{"version":"1.0","provider_name":"Andersen","provider_url":"https:\/\/andersen.cafeblog.hu","author_name":"Andersen","author_url":"https:\/\/andersen.cafeblog.hu\/author\/andersen\/","title":"N\u00e9zzen be a d\u00e1n csod\u00e1k palot\u00e1j\u00e1ba! ","html":"<strong>Egy hely, ahol a gyerekek \u00e9s a feln\u0151ttek egy\u00fctt, j\u00e1t\u00e9kosan ismerkednek a tudom\u00e1nyokkal.<\/strong>\r\n\r\nKellene egy hely ahol a tudom\u00e1ny \u00e9s a technol\u00f3gia tal\u00e1lkozik, k\u00f6zben pedig az eg\u00e9sz csal\u00e1d sz\u00f3rakozik? D\u00e1ni\u00e1ban m\u00e1r el is k\u00e9sz\u00fclt, m\u00e9ghozz\u00e1 a Danfoss Universe \u00e9lm\u00e9nypark l\u00e9trej\u00f6tt\u00e9vel, amivel 2005-ben a tulajdonos egy r\u00e9gi \u00e1lma v\u00e1lt val\u00f3ra. Hogy \u0151 kicsoda? <!--more-->Mads Clausen, a Danfoss c\u00e9g alap\u00edt\u00f3ja, 1905-ben sz\u00fcletett a d\u00e1niai Elsmark-ban, Nordborg k\u00f6zel\u00e9ben, Als-sziget\u00e9n, egy tany\u00e1n. Miut\u00e1n megszerezte m\u0171szaki diplom\u00e1j\u00e1t, 1933-ban c\u00e9get alap\u00edtott, a gy\u00e1rt\u00e1st pedig egy tanyah\u00e1z padl\u00e1s\u00e1n kezdte meg. A Danfoss \u00fatt\u00f6r\u0151nek sz\u00e1m\u00edt az olyan ter\u00fcleteken, mint a terhel\u00e9s-\u00e9rz\u00e9kel\u0151 hidraulika, intelligens h\u0171t\u00e9sszab\u00e1lyoz\u00e1s, radi\u00e1torszelepek, hidraulikai szab\u00e1lyz\u00f3k, frekvenciav\u00e1lt\u00f3k, kompresszorok \u00e9s termoszt\u00e1tok. Mindez sz\u00e1mokban: 24 000 alkalmazott glob\u00e1lisan, a termel\u00e9s 79 \u00fczemben a vil\u00e1g 22 orsz\u00e1g\u00e1ban zajlik, m\u00edg az \u00e9rt\u00e9kes\u00edt\u00e9s \u00e9s a forgalmaz\u00e1s vil\u00e1gszerte. 1991 \u00f3ta m\u00e1r a magyar piacon is jelen van.\r\n\r\nAz \u00e9lm\u00e9nypark teh\u00e1t komoly m\u00e9rn\u00f6ki h\u00e1tt\u00e9rrel \u00e9s egy sikeres v\u00e1llalkoz\u00e1ssal a h\u00e1tt\u00e9rben j\u00f6tt l\u00e9tre: t\u00f6bb mint 200 sz\u00f3rakoztat\u00f3 \u00e9s tanuls\u00e1gos l\u00e1tnival\u00f3val v\u00e1rja az \u00e9rdekl\u0151d\u0151ket, a csal\u00e1dokat, az iskol\u00e1sokat \u00e9s a nagycsoportosokat egyar\u00e1nt.\r\n\r\nEgy kis \u00edzel\u00edt\u0151 hogy mib\u0151l lehet v\u00e1lasztani:\r\n\r\nLegels\u0151nek a Blue Cube-ot (\"k\u00e9k doboz\"-t) emeln\u00e9m ki: itt igazi j\u00e9goszlopokba \u00e9s egy \u00e9ppen 18 m\u00e9ter magasba kit\u00f6r\u0151 gejz\u00edrbe \"botlunk\", amit a tulajdonosok a 2000-ben rendezett, hannoveri vil\u00e1gki\u00e1ll\u00edt\u00e1sr\u00f3l v\u00e1s\u00e1roltak.\r\n\r\n<img class=\"aligncenter\" src=\"https:\/\/andersen.cafeblog.hu\/files\/2012\/11\/danfoss-universe18.jpg\" alt=\"\" \/>\r\n\r\n<img class=\"aligncenter\" src=\"https:\/\/andersen.cafeblog.hu\/files\/2012\/11\/danfoss-universe26.jpg\" alt=\"\" \/>\r\n\r\n<img class=\"aligncenter\" src=\"https:\/\/andersen.cafeblog.hu\/files\/2012\/11\/danfoss-universe36.jpg\" alt=\"\" \/>\r\n\r\n&nbsp;\r\n\r\nOlajpump\u00e1k, avagy egy pillant\u00e1st lehet vetni hogyan kezdte anno a Ewing olajt\u00e1rsas\u00e1g:\r\n\r\n<img class=\"aligncenter\" src=\"https:\/\/andersen.cafeblog.hu\/files\/2012\/11\/danfoss-universe46.jpg\" alt=\"\" \/>\r\n\r\n&nbsp;\r\n\r\nEnergia laborat\u00f3rium:\r\n\r\n<img class=\"aligncenter\" src=\"https:\/\/andersen.cafeblog.hu\/files\/2012\/11\/danfoss-universe55.jpg\" alt=\"\" \/>\r\n\r\n&nbsp;\r\n\r\nAzok is ki\u00e9lhetik v\u00e1gyaikat, akik markol\u00f3t vezetn\u00e9nek:\r\n\r\n<img class=\"aligncenter\" src=\"https:\/\/andersen.cafeblog.hu\/files\/2012\/11\/danfoss-universe65.jpg\" alt=\"\" \/>\r\n\r\n&nbsp;\r\n\r\nKicsit \u00e9n is beugrottam, noha nem a legnagyobb hat\u00e9konys\u00e1ggal...\r\n\r\n<img class=\"aligncenter\" src=\"https:\/\/andersen.cafeblog.hu\/files\/2012\/11\/danfoss-universe75.jpg\" alt=\"\" \/>\r\n\r\n&nbsp;\r\n\r\nCumulus avagy, ahol az energi\u00e1k tal\u00e1lkoznak:\r\n\r\n<img class=\"aligncenter\" src=\"https:\/\/andersen.cafeblog.hu\/files\/2012\/11\/danfoss-universe85.jpg\" alt=\"\" \/>\r\n\r\n&nbsp;\r\n\r\nP\u00e9ld\u00e1ul mi\u00e9rt ne \u00edrjunk a l\u00e1bunkkal smst? (a falra vet\u00edtett kijelz\u0151n k\u00f6vetve mit is alkotunk)\r\n\r\n<img class=\"aligncenter\" src=\"https:\/\/andersen.cafeblog.hu\/files\/2012\/11\/danfoss-universe95.jpg\" alt=\"\" \/>\r\n\r\n&nbsp;\r\n\r\nV\u00e9gy egy fejp\u00e1ntot \u00e9s koncentr\u00e1lj a goly\u00f3ra, aki jobban csin\u00e1lja, abban az ir\u00e1nyban mozdul el!\r\n\r\n<img class=\"aligncenter\" src=\"https:\/\/andersen.cafeblog.hu\/files\/2012\/11\/danfoss-universe116.jpg\" alt=\"\" \/>\r\n\r\n&nbsp;\r\n\r\nMinden ami a \"h\u00e1tt\u00e9rben\" zajlik egy monitoron k\u00f6vethet\u0151 le:\r\n\r\n<img class=\"aligncenter\" src=\"https:\/\/andersen.cafeblog.hu\/files\/2012\/11\/danfoss-universe125.jpg\" alt=\"\" \/>\r\n\r\n&nbsp;\r\n\r\nVajon h\u00e1ny gyerekre van sz\u00fcks\u00e9g ahhoz hogy a felakasztott aut\u00f3 megmozduljon?\r\n\r\n<img class=\"aligncenter\" src=\"https:\/\/andersen.cafeblog.hu\/files\/2012\/11\/danfoss-universe134.jpg\" alt=\"\" \/>\r\n\r\n&nbsp;\r\n\r\nEngem is elkapott a parkban, ez\u00faton k\u00fcldj\u00fck \u00fcdv\u00f6zlet\u00fcnket az \u0151r\u00fclt professzorral egy\u00fctt!\r\n\r\n<img class=\"aligncenter\" src=\"https:\/\/andersen.cafeblog.hu\/files\/2012\/11\/danfoss-universe144.jpg\" alt=\"\" \/>\r\n\r\nTov\u00e1bbi kulisszatitkok tal\u00e1lhat\u00f3ak <a href=\"https:\/\/www.facebook.com\/pages\/Andersen-D%C3%B3ri-D%C3%A1ni%C3%A1r%C3%B3l-Dalol\/120491698049035?fref=ts\">Andersen Facebook<\/a> oldal\u00e1n!","type":"rich"}

Nézzen be a dán csodák palotájába!

<strong>Egy hely, ahol a gyerekek és a felnőttek együtt, játékosan ismerkednek a tudományokkal.</strong>

Kellene egy hely ahol a tudomány és a technológia találkozik, közben pedig az egész család szórakozik? Dániában már el is készült, méghozzá a Danfoss Universe élménypark létrejöttével, amivel 2005-ben a tulajdonos egy régi álma vált valóra. Hogy ő kicsoda? <!--more-->Mads Clausen, a Danfoss cég alapítója, 1905-ben született a dániai Elsmark-ban, Nordborg közelében, Als-szigetén, egy tanyán. Miután megszerezte műszaki diplomáját, 1933-ban céget alapított, a gyártást pedig egy tanyaház padlásán kezdte meg. A Danfoss úttörőnek számít az olyan területeken, mint a terhelés-érzékelő hidraulika, intelligens hűtésszabályozás, radiátorszelepek, hidraulikai szabályzók, frekvenciaváltók, kompresszorok és termosztátok. Mindez számokban: 24 000 alkalmazott globálisan, a termelés 79 üzemben a világ 22 országában zajlik, míg az értékesítés és a forgalmazás világszerte. 1991 óta már a magyar piacon is jelen van.

Az élménypark tehát komoly mérnöki háttérrel és egy sikeres vállalkozással a háttérben jött létre: több mint 200 szórakoztató és tanulságos látnivalóval várja az érdeklődőket, a családokat, az iskolásokat és a nagycsoportosokat egyaránt.

Egy kis ízelítő hogy miből lehet választani:

Legelsőnek a Blue Cube-ot ("kék doboz"-t) emelném ki: itt igazi jégoszlopokba és egy éppen 18 méter magasba kitörő gejzírbe "botlunk", amit a tulajdonosok a 2000-ben rendezett, hannoveri világkiállításról vásároltak.

<img class="aligncenter" src="https://andersen.cafeblog.hu/files/2012/11/danfoss-universe18.jpg" alt="" />

<img class="aligncenter" src="https://andersen.cafeblog.hu/files/2012/11/danfoss-universe26.jpg" alt="" />

<img class="aligncenter" src="https://andersen.cafeblog.hu/files/2012/11/danfoss-universe36.jpg" alt="" />

&nbsp;

Olajpumpák, avagy egy pillantást lehet vetni hogyan kezdte anno a Ewing olajtársaság:

<img class="aligncenter" src="https://andersen.cafeblog.hu/files/2012/11/danfoss-universe46.jpg" alt="" />

&nbsp;

Energia laboratórium:

<img class="aligncenter" src="https://andersen.cafeblog.hu/files/2012/11/danfoss-universe55.jpg" alt="" />

&nbsp;

Azok is kiélhetik vágyaikat, akik markolót vezetnének:

<img class="aligncenter" src="https://andersen.cafeblog.hu/files/2012/11/danfoss-universe65.jpg" alt="" />

&nbsp;

Kicsit én is beugrottam, noha nem a legnagyobb hatékonysággal...

<img class="aligncenter" src="https://andersen.cafeblog.hu/files/2012/11/danfoss-universe75.jpg" alt="" />

&nbsp;

Cumulus avagy, ahol az energiák találkoznak:

<img class="aligncenter" src="https://andersen.cafeblog.hu/files/2012/11/danfoss-universe85.jpg" alt="" />

&nbsp;

Például miért ne írjunk a lábunkkal smst? (a falra vetített kijelzőn követve mit is alkotunk)

<img class="aligncenter" src="https://andersen.cafeblog.hu/files/2012/11/danfoss-universe95.jpg" alt="" />

&nbsp;

Végy egy fejpántot és koncentrálj a golyóra, aki jobban csinálja, abban az irányban mozdul el!

<img class="aligncenter" src="https://andersen.cafeblog.hu/files/2012/11/danfoss-universe116.jpg" alt="" />

&nbsp;

Minden ami a "háttérben" zajlik egy monitoron követhető le:

<img class="aligncenter" src="https://andersen.cafeblog.hu/files/2012/11/danfoss-universe125.jpg" alt="" />

&nbsp;

Vajon hány gyerekre van szükség ahhoz hogy a felakasztott autó megmozduljon?

<img class="aligncenter" src="https://andersen.cafeblog.hu/files/2012/11/danfoss-universe134.jpg" alt="" />

&nbsp;

Engem is elkapott a parkban, ezúton küldjük üdvözletünket az őrült professzorral együtt!

<img class="aligncenter" src="https://andersen.cafeblog.hu/files/2012/11/danfoss-universe144.jpg" alt="" />

További kulisszatitkok találhatóak <a href="https://www.facebook.com/pages/Andersen-D%C3%B3ri-D%C3%A1ni%C3%A1r%C3%B3l-Dalol/120491698049035?fref=ts">Andersen Facebook</a> oldalán!
